Suppose -4*p + 48 = -5*r + 19, p - r = n. Calculate the greatest common factor of p and h.
6
Suppose -329 - 175 = -4*n. Let z(r) = -6*r + 6. Let y be z(-14). Suppose -4*s + y = s. What is the greatest common divisor of n and s?
18
Suppose i = -0*i + 126. Let g be 14/18 + -1 - (-784)/i. Calculate the highest common factor of 48 and g.
6
Suppose 9*b - 1727 + 224 = 0. Suppose -3*a - 41 + b = 0. Calculate the highest common divisor of 14 and a.
14
Suppose -124*s - 198 = -125*s. Calculate the greatest common factor of 30 and s.
6
Let l = 150 - 66. Let v = 4118 - 4062. What is the highest common factor of l and v?
28
Let i(q) = q**2 + 11*q + 57. Let k be i(11). Calculate the highest common divisor of 26 and k.
13
Let c = 1668 - 964. Calculate the greatest common divisor of c and 44.
44
Let q(p) = p**3 - 4*p**2 - p + 9. Let b be q(4). Suppose f - 4*f = -5*z + 13, b*z - 5 = 5*f. What is the highest common factor of 6 and f?
2
Let u = -207 + 223. Let m(f) = -11*f. Let k be m(-1). Let z = -7 + k. What is the greatest common factor of u and z?
4
Let j(i) = -i - 9. Let k be j(-12). Let f be -1*((3 - 1) + (0 - 3)). What is the highest common factor of f and k?
1
Let q = 13 + 51. Suppose 35 = v - 4*m, v + 3*v + 3*m - q = 0. What is the greatest common divisor of 38 and v?
19
Let w(q) = -2*q + 4*q + 3 - 6*q**2 + 5*q**2. Let l(d) = d**2 - d - 2. Let t(m) = 5*l(m) + 3*w(m). Let x be t(-3). What is the highest common divisor of 7 and x?
7
Let f be 30/(-50)*(3 + 2) - -16. Calculate the greatest common factor of f and 481.
13
Let j = -342 - -624. What is the greatest common factor of j and 6?
6
Let n(l) = -l**2 + 3*l + 33. Let z be n(5). Let o(w) = -34*w + 3. Let h be o(-6). What is the greatest common factor of h and z?
23
Suppose 11 = -b + 29. Suppose 4*s - 386 = 262. What is the highest common divisor of b and s?
18
Let c(m) = 7*m - 12. Let t be c(2). Suppose t*w - 128 = -2*w. What is the greatest common factor of w and 96?
32
Let h = -49 - -49. Suppose h = 2*s - 241 - 101. What is the highest common factor of 19 and s?
19
Let g be 1/((-9)/(-99))*(1 + 3). Calculate the highest common factor of 110 and g.
22
Suppose -29*b - 384 = -27*b. Let q be 1 + -5 + b/(-6). Calculate the greatest common divisor of q and 35.
7
Let o(r) = r**2 - 7*r + 12. Let z be o(6). Let s be ((-2)/z*-1)/(5/195). What is the greatest common divisor of s and 65?
13
Let g(s) = -s**2 + s - 8. Let z be g(0). Let i be 86/4 + (14/4)/(-7). Let n = i + z. Calculate the greatest common divisor of 52 and n.
13
Let k(v) = v + 12. Let u be k(-9). Suppose m - 154 = -5*s, u*s - 3*m = 111 - 15. What is the greatest common factor of 310 and s?
31
Suppose 4*c - 212 = 4*s, -3*c - 4*s = -8*s - 164. Suppose -5*d + c = -d. Calculate the highest common divisor of d and 18.
6
Let r = -57 - -61. Suppose -4*v = -v + 15, -5*l = -4*v - 30. Suppose u - l*g = g + 24, -158 = -5*u - r*g. Calculate the highest common factor of 12 and u.
6
Suppose 0 = -2*y + z + 121, -4*y + 3*z + 222 = 5*z. Let o = 12 - 7. Let v be 727/o - (-12)/(-30). Calculate the highest common factor of y and v.
29
Let a(z) = -8*z - 1. Let q be a(-1). Suppose 0 = -v - q + 70. Suppose 0 = -3*o + s + 60, 2*o = 4*o + 4*s - 54. Calculate the greatest common factor of o and v.
21
Let l(a) = -a**2 + 5*a - 24. Let k be l(8). Let j = -31 - k. What is the highest common divisor of 85 and j?
17
Let s(z) = z + 4. Let y be s(-3). Let p(x) = y - 2*x - 6 - 11. Let m be p(-11). What is the greatest common factor of 6 and m?
6
Let r be (15/(-25))/(2/(-10)). Suppose -4*g = -2*v - 28, -32 + 7 = 5*g. Let u be v*(-1 + r + -3). Calculate the highest common factor of 264 and u.
24
Suppose -105 = 4*q - 305. Let j(n) = n**2 - 6*n - 11. Let u be j(11). Suppose -u = -p - 24. Calculate the highest common divisor of q and p.
10
Let b(w) = 12*w - 91. Let q be b(9). Let v = 117 + -59. Suppose 3*a = v + 95. Calculate the greatest common factor of a and q.
17
Let c be 14 - 21/7 - -1159. Calculate the greatest common divisor of c and 36.
18
Let o(i) = 15*i**2 - 2*i - 2. Suppose 4*w = 5*g - 4, -5 + 2 = 3*w - 2*g. Let y be o(w). What is the highest common factor of y and 30?
15
Let h = -108 - -203. Suppose 3*o - h = -c, -o + 3*c = -0*c - 15. What is the greatest common divisor of 20 and o?
10
Let l(b) = -3*b - 18. Let m be l(-14). Calculate the highest common factor of 72 and m.
24
Let f(j) = -j + 69. Let y be f(4). What is the highest common factor of y and 104?
13
Let i = 71 - 47. Let q = i + 11. Calculate the highest common factor of 280 and q.
35
Let r be (-342)/15*(-30)/12. Let c be r/2*(-10)/(-15). What is the greatest common divisor of 19 and c?
19
Let o(y) = y**3 + 16*y**2 - 17*y + 2. Let z be o(-17). Let k be (z + -138)/(-4) - 4. Calculate the greatest common divisor of k and 20.
10
Let f(s) = 2*s**2 + 3*s - 33. Let l be f(11). Calculate the greatest common divisor of l and 55.
11
Let z(r) = -r**3 - 13*r**2 - 12*r + 44. Let w be z(-12). Let p be 4 + (0 - -1) + -1. Calculate the greatest common divisor of w and p.
4
Suppose -m + 195 = 24*t - 21*t, 199 = m + 5*t. Calculate the greatest common divisor of m and 357.
21
Suppose 0 = 5*a - 1 - 4. Let i be 5*a/((-10)/(-12)). Calculate the greatest common divisor of i and 3.
3
Suppose -2 = 4*u + 5*m, -3*m + 4*m - 2 = 0. Let s be 3/(u/(-2)) + 0. Let g be (1 + 1)*91/s. Calculate the highest common divisor of 13 and g.
13
Let p = 554 + -550. Calculate the greatest common factor of 188 and p.
4
Let q(x) = 70*x**2 - 3*x - 9. Let r be q(-1). Calculate the highest common factor of 1184 and r.
32
Let o(n) = n**2 - 4*n - 10. Let m be o(7). Suppose -23*h - 220 = -24*h. Suppose 4*v + 0*v - h = 0. Calculate the highest common divisor of m and v.
11
Suppose 2*c = -0*c. Suppose 2*g + 10 - 34 = c. Let p = g - 11. What is the greatest common divisor of 5 and p?
1
Suppose 102 = -7*c + 1950. Suppose -c + 1544 = 8*i. Calculate the highest common divisor of 20 and i.
20
Let n = -341 - -397. What is the greatest common divisor of 8 and n?
8
Suppose -4*a - 3*v = -108 - 523, -2*a + 323 = 3*v. Calculate the greatest common divisor of a and 396.
22
Let i(a) be the second derivative of a**4/12 + 54*a**2 - 3*a. Let u be i(0). Suppose -l + u = 2*l. Calculate the highest common factor of l and 9.
9
Suppose 2*i - 6*a = -3*a + 2165, -5*a = 5*i - 5400. What is the highest common factor of i and 115?
23
Suppose -5*r + 230 = -70. Let z(w) = 2*w**3 - w**2 + 17. Let c be z(0). Suppose 18*l - 20 = c*l. What is the highest common factor of l and r?
20
Let o = -16 - -32. Let i = 26 - o. What is the greatest common divisor of 70 and i?
10
Let n be (12/15)/((-1)/(-10)). Suppose 16 = -4*o, -t + 10 = -3*o - 14. Let p = t - n. Calculate the highest common factor of p and 8.
4
Suppose 5*o - 61 = -3*m, 0 = -o + 11 - 12. Suppose 0 = c - 37 + 4. What is the highest common divisor of m and c?
11
Let k(z) = 24*z. Let v be 21/(-6)*8/(-28). Let n be k(v). Let x = -12 + 24. What is the greatest common factor of n and x?
12
Suppose 4*p - 32 = -4*r, -5*p = -0*p. Suppose -2 = z, 0 = -3*s + s - 4*z - 6. Calculate the greatest common divisor of s and r.
1
Let v = -987 + 1050. What is the greatest common factor of 1029 and v?
21
Let c be (8/12)/((-2)/(-9)). Suppose -1 - c = -2*d. Suppose -3*q + 4*q - d = 0. What is the greatest common divisor of 1 and q?
1
Let u = 135 - 90. Let m be (0*(-2)/(-6))/2. Suppose -4*x = -5*i - 0*x + 65, i + x - 4 = m. Calculate the greatest common divisor of i and u.
9
Let r(g) = -52*g + 16. Let p(u) = u + 2. Let j(d) = -2*p(d) - r(d). Let l be j(6). Calculate the highest common factor of l and 112.
56
Let b(m) = -2*m**2 + 18*m + 19. Let f(i) = 2*i**2 - 17*i - 18. Let j(o) = 4*b(o) + 5*f(o). Let s be j(10). Calculate the highest common factor of 14 and s.
14
Suppose 5*r = -3*b + 8423, -3*r - 12718 = -3*b - 4255. What is the greatest common factor of b and 88?
88
Let f(c) = -c**2 - 12*c + 249. Let h be f(10). Calculate the greatest common factor of 493 and h.
29
Let r = -3 - 59. Let j = r - -88. What is the greatest common factor of j and 65?
13
Suppose -4 = p + 3*j, -5*p - 3*j - j + 35 = 0. Let y be (-1972)/(-20) - (1 - 7/5). What is the highest common divisor of y and p?
11
Let c be 6 + -3*(-1572)/12. What is the greatest common factor of c and 84?
21
Let l =